ands digit of u(0)?
3
Let r be (-756)/(-49) + (0 - 9/21). Let t be (r/(-2))/((-17)/(-34)). What is the units digit of t/(-10) - 309/(-6)?
3
Let x be 15/((-13)/((-182)/3)). Let a(h) = -h**2 - h + 172. Let s be a(0). Suppose -s + x = -v. What is the units digit of v?
2
Let k be (-9)/(-12) + 22911/12. What is the tens digit of (-7*(-1)/5)/(2/k)?
3
Let g(s) = s**3 + 11*s**2 - 73*s + 66. What is the hundreds digit of g(-15)?
2
Let z(r) = 36*r**2 - 6*r + 9. Let n(i) = i + 6. Let w be n(-10). What is the tens digit of z(w)?
0
What is the tens digit of (-261452)/(-32) - 40/(-64)?
7
Let s = 74 + 288. Let f = s + -256. What is the units digit of f?
6
Let b = 2696 + 5800. Suppose -10*q + 34*q = b. What is the hundreds digit of q?
3
Let h(b) = -103*b + 301. Let p(j) = -21*j + 60. Let x(r) = 2*h(r) - 11*p(r). Suppose -i - 3*y = 3, 5*y = 2*i - 0*i - 38. What is the tens digit of x(i)?
6
Suppose 0 = -4*a + 2*q + 23358, 7*a - 5*q = 11*a - 23379. Suppose -12*l - 1677 = -a. What is the tens digit of l?
4
Suppose 17*i = 3*d + 12*i - 55566, 0 = 4*d + 2*i - 74062. What is the ten thousands digit of d?
1
Suppose -2*r + 128 = r + t, 4*t - 82 = -2*r. Let a = -434 - -431. Let c = r + a. What is the units digit of c?
0
What is the units digit of (-4 + 443)*12/((-48)/(-100))?
5
Suppose 3*w + 1 = 16. Let b(x) = 69*x - 67. What is the units digit of b(w)?
8
Let v be 14542 + -2 + -10 + 10. Suppose v = -71*a + 81*a. What is the hundreds digit of a?
4
Suppose 2*g + 413 = -3*b, 2*g - 4*b + 876 = -2*g. Let m = g + 766. What is the hundreds digit of m?
5
Suppose -1436280 + 279380 = -25*a + 5*a. What is the units digit of a?
5
Suppose 5*n = -20, -3*j + 9*n + 498 = 6*n. Let b = -221 + 578. Let f = b - j. What is the units digit of f?
5
Let p(f) = f**2 + 24*f + 32. Let g be p(-22). Let i(m) = 8*m**2 - 40*m - 5. What is the tens digit of i(g)?
2
Suppose -3*l + 13 = f, 3*f + 0*f - 4*l = 0. Suppose -3*k = -k. Suppose f*q + 21 - 369 = k. What is the units digit of q?
7
Let l(r) = -13 - 6*r**2 + 121*r - 115*r + 0*r**2. Let y(i) = i. Let a(z) = -l(z) + 6*y(z). What is the tens digit of a(4)?
0
What is the thousands digit of 11706*(9/171 + 219/171)?
5
Let h(r) = -r**2 - 2 - 4 - 5*r + 2*r**2. Suppose -5*m + 7*m + 8 = 0. What is the tens digit of h(m)?
3
Let v be 2/(-5) - 198/(-45). Suppose 4*d - 4*s - 24 = 0, 0 = -4*d + d - v*s - 10. Suppose d*a - 36 = 128. What is the units digit of a?
2
Let t(b) = -3 + 9*b**2 + 392*b + 1 - 388*b. What is the hundreds digit of t(-5)?
2
Let b(f) = f**2 + 4*f - 23. Let z be b(-10). Let a = 210 - z. What is the units digit of a?
3
Suppose -200 = 14*j - 34*j. Suppose -5*p - 1091 = -3*z, 0 = -3*z - 2*p + 761 + 302. Suppose -j = -5*o + l + z, 0 = 5*o + 2*l - 361. What is the tens digit of o?
7
Let q = 7031 - 3768. Suppose q = -12*z + 8267. What is the tens digit of z?
1
Suppose -43362495 = 156*s - 717*s. What is the units digit of s?
5
Suppose -54522 = -0*a - 5*a - 3*v, -5*a + 54498 = -3*v. What is the units digit of a?
2
Let f(k) = -67*k + 11. Let t be f(-3). Suppose 27*h = 28*h - t. What is the units digit of h?
2
Let c(y) = -12*y + 50. Let b be c(18). Let v = b - -668. What is the tens digit of v?
0
What is the tens digit of (-2)/(-23) + 816/(-391) + 2333?
3
Let c(k) = -k**3 + 66*k**2 + 152*k + 481. What is the hundreds digit of c(65)?
5
Suppose -4*q + 186 = -0*x - 2*x, 0 = -3*q + x + 142. Suppose 4*l - 27 = q. Suppose 4*i = 4*c + 340, 0 = 5*c + 4 - l. What is the units digit of i?
8
Let t(p) = -3*p**3 + 15*p**2 + 53*p + 8. What is the hundreds digit of t(-12)?
7
Let j(t) = t + 1. Let z be j(4). Let s be -6*(55/(-10) + z). Suppose 2*y + 4*i - 21 = 3*i, 0 = y + s*i - 23. What is the units digit of y?
8
Let b(u) = 2*u - 34. Let w be b(16). Let t be w/8 + (-17)/(-4) - 1. What is the tens digit of ((-2)/t)/((-36)/16470)?
0
Suppose -z - 5*v = 12, 2*v - 7*v = -2*z + 36. Suppose 2*q = 4*q - z. What is the units digit of (-1)/q - (-4500)/80?
6
Let s(j) = -j + 18. Let o be s(13). Suppose -x - 1 = g - o, -4*x + 4 = g. Suppose -7*l + 5*y + 45 = -2*l, 3*y + 38 = g*l. What is the units digit of l?
1
Let p be (6 - (5 + -1))/(2/(-40)). Let t be p/30*9*1. What is the units digit of (-1866)/t - (-4)/8?
6
Suppose 18*a - 4552 - 3152 = 0. Suppose 0 = -g - 4*z + a + 139, -3*z + 571 = g. What is the tens digit of g?
8
Let n(w) = 90*w + 2770. What is the tens digit of n(25)?
2
Suppose -16*p = -51*p + 1960. Suppose -p*c = -61*c + 165. What is the tens digit of c?
3
Let k(g) = 11780*g**3 + 6*g**2 + 8*g - 8. What is the tens digit of k(1)?
8
Let k(d) = 5*d**3 - 96*d**2 + 203*d + 8. What is the ten thousands digit of k(24)?
1
Suppose 3*y = -2*d + 30491 + 89335, 4*y - 159796 = 2*d. What is the tens digit of y?
4
What is the hundreds digit of 201222*(-28)/(-840)*5?
5
Suppose 5*y + 0*n = -2*n + 11, -4*y + 2*n - 2 = 0. Let x be (-10)/(-8)*84/(-7)*y. What is the hundreds digit of (-3)/x + 2136/20?
1
Let n(l) = l**3 + 8*l**2 - 23*l - 12. Let k be n(-9). Let u = k + -105. Suppose 6*a + 186 = u*a. What is the units digit of a?
2
Let k = 17 - -36. Suppose v = 5*c - 337, -c + k = 2*v - 10. What is the tens digit of c?
6
Let g(q) = 30*q - 228. Let c be g(6). What is the hundreds digit of 1320*18/c*-2?
9
Suppose 12078 = 14*s - 5*s. Suppose -d = -s - 49. What is the units digit of d?
1
Suppose -9 = -3*l, 25*l - 20*l - 6105 = -3*i. What is the units digit of i?
0
Let g(w) = 13*w**2 - 3*w - 24. Let k(u) = -2*u**2 + u + 3. Let a(s) = -4*g(s) - 28*k(s). Suppose 27 - 3 = 3*x. What is the tens digit of a(x)?
4
Suppose 1468*z - 1452747 = 1379*z. What is the ten thousands digit of z?
1
Let s = -174 + 167. Let q(z) = 5*z**2 - z - 4. What is the units digit of q(s)?
8
Let u(f) = 1858*f**2 - 14*f + 9. What is the hundreds digit of u(1)?
8
Suppose -2*c + 61674 = -3*w, 4*c + 572*w - 123380 = 574*w. What is the thousands digit of c?
0
Let k = 52 + -50. Suppose 3*h - 1874 = -t, k*h - 630 = h + 5*t. Suppose 0 = 5*j + 200 - h. What is the tens digit of j?
8
Suppose -16*r + 13*r + 579 = 0. Let v = r + -88. What is the units digit of v?
5
Let g(r) = r**3 - 7*r**2 + 4*r - 12. Let b be g(6). Let o be (-6)/b + 15/4. Suppose o*u = 141 + 223. What is the tens digit of u?
9
Let g(x) = x**3 - 46*x**2 - 217*x + 409. What is the units digit of g(56)?
7
Let k(a) = 872*a + 432. What is the units digit of k(11)?
4
Let v be 684/(-3)*(14/4 - (-13 + 16)). Let u(p) = -3*p**2 - 7*p + 7. Let i be u(-8). Let x = v - i. What is the tens digit of x?
1
Let f = 362 + -366. Let a(u) = -14*u**3 + 5*u**2 + u - 7. What is the tens digit of a(f)?
6
Suppose 94*q - 48 = 82*q. Suppose 2*i = -3*v + 2524, 2*i + 3380 = q*v + i. What is the tens digit of v?
4
Suppose 378190 - 3741040 = -94*k. What is the ten thousands digit of k?
3
What is the ten thousands digit of (-102)/(-459) - (-143440)/9?
1
Let t = 18929 - 16385. What is the thousands digit of t?
2
Let a = 13 - -2. Suppose -57*g + 42*g = -660. Let m = g - a. What is the tens digit of m?
2
Let l(f) = -f**3 + f + 1. Let d(j) = 3*j**3 + 20*j**2 - 7*j - 11. Let y(c) = d(c) + l(c). What is the tens digit of y(-10)?
5
Let m(o) = o**3 + o + 791. Let u = 171 + -171. What is the tens digit of m(u)?
9
Suppose 60658 = 7*h - 27990. What is the units digit of h?
4
Let u(f) = -f**3 + f**2 - 4*f + 564. Let s be u(0). Let j = s + -241. What is the tens digit of j?
2
What is the ten thousands digit of 262078875/6100 - ((-10)/8 - 0)?
4
Let s(c) = 25102*c**2 - 36*c - 23. What is the tens digit of s(-1)?
1
Let g = 45 - 45. Suppose g = -t - 3*c - 9, 0 = -6*t + 2*t + 3*c + 39. Suppose -4*h - 157 = -t*h + 3*j, 305 = 4*h - 3*j. What is the units digit of h?
4
Suppose 4*i - 257 = -f, 5*i + 0*f - 320 = -f. Suppose -5*g - 8 = -i. Let w(x) = x + 15. What is the tens digit of w(g)?
2
What is the tens digit of (4/(-22) - ((-642)/(-99) - 7))*36183?
6
What is the ten thousands digit of 932932/60 - -4*(-5)/(-150)?
1
Let y(u) = u**2 + 2*u - 65. Let q be y(0). Let t = q + 143. Suppose t = 4*h + 10. What is the units digit of h?
7
Suppose 192*c - 373*c = -193*c + 71520. What is the units digit of c?
0
Suppose 65*h - 363373 = -251106 + 373868. What is the hundreds digit of h?
4
What is the hundreds digit of (-445592)/(-14) + -44 + 18?
8
Let o be 1*(-7 + (11 - 4)). Suppose -36*b - 3*b + 5733 = o. What is the tens digit of b?
